sands digit of 4515088804?
8
What is the hundred millions digit of 2879267885?
8
What is the ten thousands digit of 158302635?
0
What is the ten millions digit of 880982697?
8
What is the millions digit of 1164584322?
4
What is the units digit of 1459027403?
3
What is the ten thousands digit of 20477317?
7
What is the hundred thousands digit of 22645812?
6
What is the tens digit of 209575472?
7
What is the millions digit of 390413957?
0
What is the ten thousands digit of 766635073?
3
What is the millions digit of 34548083?
4
What is the ten millions digit of 635893891?
3
What is the millions digit of 218188993?
8
What is the millions digit of 99913941?
9
What is the ten millions digit of 381074748?
8
What is the ten millions digit of 5806603803?
0
What is the thousands digit of 1346814472?
4
What is the thousands digit of 1123825854?
5
What is the hundred thousands digit of 3048823625?
8
What is the hundred millions digit of 313895958?
3
What is the hundred thousands digit of 271946144?
9
What is the thousands digit of 173411598?
1
What is the millions digit of 108780314?
8
What is the ten thousands digit of 67117104?
1
What is the millions digit of 6316096?
6
What is the hundred thousands digit of 3185277184?
2
What is the hundred millions digit of 523402188?
5
What is the millions digit of 445298167?
5
What is the thousands digit of 150496901?
6
What is the millions digit of 2508517?
2
What is the billions digit of 3372566013?
3
What is the tens digit of 47854220?
2
What is the hundred thousands digit of 1532165526?
1
What is the thousands digit of 69611829?
1
What is the units digit of 223043379?
9
What is the hundred thousands digit of 36913213?
9
What is the units digit of 3024535837?
7
What is the units digit of 322429866?
6
What is the thousands digit of 1555736339?
6
What is the hundreds digit of 3056249783?
7
What is the hundred thousands digit of 246120101?
1
What is the units digit of 622325739?
9
What is the millions digit of 1167008924?
7
What is the units digit of 4551151519?
9
What is the hundred millions digit of 226131730?
2
What is the tens digit of 62693116?
1
What is the ten thousands digit of 79960155?
6
What is the ten thousands digit of 199326090?
2
What is the hundreds digit of 14388166?
1
What is the millions digit of 49187559?
9
What is the ten millions digit of 894935303?
9
What is the ten thousands digit of 1391129214?
2
What is the thousands digit of 785436713?
6
What is the thousands digit of 2299767712?
7
What is the ten thousands digit of 324112181?
1
What is the millions digit of 7409740?
7
What is the millions digit of 31704799?
1
What is the billions digit of 1658559526?
1
What is the hundred thousands digit of 372001652?
0
What is the millions digit of 4471432799?
1
What is the ten thousands digit of 858401608?
0
What is the tens digit of 25515148?
4
What is the tens digit of 252808736?
3
What is the tens digit of 69942159?
5
What is the millions digit of 1233012192?
3
What is the hundred millions digit of 3382329408?
3
What is the tens digit of 122140889?
8
What is the units digit of 52360144?
4
What is the ten thousands digit of 228434817?
3
What is the hundreds digit of 398184447?
4
What is the hundred thousands digit of 820824163?
8
What is the tens digit of 753827484?
8
What is the hundred millions digit of 2076750721?
0
What is the hundreds digit of 127470271?
2
What is the thousands digit of 211439958?
9
What is the hundreds digit of 25373711?
7
What is the ten millions digit of 103109726?
0
What is the tens digit of 186998695?
9
What is the hundred thousands digit of 6233925470?
9
What is the hundred millions digit of 387906073?
3
What is the millions digit of 296209343?
6
What is the ten millions digit of 1489216959?
8
What is the thousands digit of 518484316?
4
What is the hundred millions digit of 983121536?
9
What is the ten thousands digit of 486402492?
0
What is the thousands digit of 94217672?
7
What is the hundreds digit of 1713780093?
0
What is the hundred millions digit of 1033479384?
0
What is the tens digit of 140496802?
0
What is the hundreds digit of 391312719?
7
What is the hundred thousands digit of 59002059?
0
What is the hundreds digit of 291539170?
1
What is the tens digit of 30012007?
0
What is the units digit of 1026359722?
2
What is the hundred thousands digit of 2144945001?
9
What is the millions digit of 38201638?
8
What is the thousands digit of 2237279807?
9
What is the units digit of 1829489016?
6
What is the ten millions digit of 180705448?
8
What is the ten thousands digit of 60502410?
0
What is the millions digit of 7539312973?
9
What is the tens digit of 364305670?
7
What is the units digit of 454313587?
7
What is the millions digit of 59392863?
9
What is the millions digit of 607201338?
7
What is the ten millions digit of 2651498533?
5
What is the units digit of 1809326833?
3
What is the thousands digit of 60454019?
4
What is the ten millions digit of 2191046999?
9
What is the ten millions digit of 2283259061?
8
What is the ten thousands digit of 160845098?
4
What is the ten thousands digit of 485444768?
4
What is the tens digit of 36648076?
7
What is the tens digit of 1992686240?
4
What is the millions digit of 140154701?
0
What is the ten thousands digit of 38352146?
5
What is the thousands digit of 1947693720?
3
What is the hundred thousands digit of 42042200?
0
What is the units digit of 17711254?
4
What is the hundred thousands digit of 605386898?
3
What is the units digit of 2067079173?
3
What is the ten millions digit of 99450346?
9
What is the ten thousands digit of 94494822?
9
What is the tens digit of 5382845482?
8
What is the millions digit of 64684312?
4
What is the hundreds digit of 306038694?
6
What is the hundreds digit of 386799200?
2
What is the hundreds digit of 141945659?
6
What is the ten thousands digit of 97879468?
7
What is the ten millions digit of 826640653?
2
What is the tens digit of 211218278?
7
What is the hundred thousands digit of 5068925?
0
What is the hundreds digit of 99098994?
9
What is the millions digit of 17549896?
7
What is the thousands digit of 343743983?
3
What is the hundred thousands digit of 604854224?
8
What is the tens digit of 32410387?
8
What is the ten thousands digit of 2181190055?
9
What is the millions digit of 604115749?
4
What is the hundred millions digit of 385100776?
3
What is the thousands digit of 3119309142?
9
What is the thousands digit of 2063090426?
0
What is the hundred thousands digit of 5678171?
6
What is the hundreds digit of 2635960?
9
What is the hundred thousands digit of 3105889900?
8
What is the hundred millions digit of 4683006981?
6
What is the units digit of 93329458?
8
What is the hundred thousands digit of 54312757?
3
What is the tens digit of 25295484?
8
What is the hundred thousands digit of 80254794?
2
What is the tens digit of 8055088?
8
What is the thousands digit of 291826777?
6
What is the hundred thousands digit of 3409191756?
1
What is the millions digit of 727935408?
7
What is the tens digit of 235211159?
5
What is the units digit of 390937052?
2
What is the hundreds digit of 1023236183?
1
What is the ten thousands digit of 36859948?
5
What is the hundreds digit of 34671606?
6
What is the hundred millions digit of 1465811152?
4
What is the units digit of 90437400?
0
What is the units digit of 683489891?
1
What is the ten thousands digit of 254576591?
7
What is the tens digit of 147193813?
1
What is the thousands digit of 1627151872?
1
What is the thousands digit of 1552377968?
7
What is the thousands digit of 325882199?
2
What is the millions digit of 124339986?
4
What is the thousands digit of 537222978?
2
What is the hundreds digit of 13151486?
4
What is the units digit of 6991495406?
6
What is the thousands digit of 40596746?
6
What is the tens digit of 60743692?
9
What is the ten millions digit of 168243092?
6
What is the ten thousands digit of 279900790?
0
What is the hundred thousands digit of 665910385?
9
What is the hundred thousands digit of 1230224701?
2
What is the millions digit of 1085946812?
5
What is the hundreds digit of 14338146?
1
What is the ten millions digit of 373245908?
7
What is the ten thousands digit of 214209246?
0
What is the tens digit of 142330632?